Let n = -346 + j. What is the hundreds digit of n?
5
Suppose 0 = -19*z + 6*z - 3458. Let f = z + 771. What is the units digit of f?
5
Let i = 62 - 64. Let y be 13/(65/3270) - i. Suppose 71 - y = -9*g. What is the units digit of g?
5
Suppose 0 = -5*w - 20*k + 22*k + 13689, -5*w = -4*k - 13693. What is the units digit of w?
7
Suppose -2*m = -2*b + m - 2, 3*b = -m + 8. Let p = -45 + 44. What is the hundreds digit of 96/(7/2 - (b - p))?
1
Suppose -22*o = -33*o + 858. What is the hundreds digit of -150*((-42)/273 - 638/o)?
2
Suppose 2*k - 6*k = 3*o - 12, -2*k = o - 4. Suppose h = -3*h - o*b + 32, 0 = -3*h + 5*b. Suppose 0*c - 2*c + 90 = 5*t, 0 = -h*c. What is the units digit of t?
8
Suppose -2*b - 5*b + 252 = 0. Suppose o + 7 = b. What is the tens digit of o?
2
Let r be 3/((-297)/(-44)) + 176/9. Suppose 7*x - 993 = -r. What is the tens digit of x?
3
Suppose -9*b - 259 = -16*b. Suppose -34*v + b*v = 0. Let g(m) = -7*m + 203. What is the tens digit of g(v)?
0
What is the thousands digit of (126/14 + -7)*(-29082)/(-4)?
4
Let z be 12 + -62 + (3 - -2). Let i be 2027/9 - 5*(-2)/z. Suppose -5*g + 330 = -i. What is the units digit of g?
1
Suppose -2*w - 8 = -4*i, 2 = 2*i - 4*i. Let s be w/(-2) - (-9 + -16). Suppose -s = 2*m - 90. What is the tens digit of m?
3
Let b = 4768 - 2905. What is the thousands digit of b?
1
Suppose 0*g + 3*i - 37 = -4*g, 0 = -g + i + 11. Suppose 84 + 156 = g*y. Suppose y*j = 19*j + 970. What is the tens digit of j?
9
What is the units digit of (-19 - -8)*6242*(7 + (-105)/14)?
1
What is the units digit of (2 + 0 - 500)*(-1040)/(30 + -14)?
0
Suppose 4*q + 260 = -d, q - 6*q - 3*d = 332. Let g = q - -64. Suppose -3*c = 5*n - 507, g*c + 4*c + 5*n - 681 = 0. What is the hundreds digit of c?
1
Let g(v) = -2*v**2 - 43*v - 4. Let n be g(-21). Suppose -n*d + 25*d = 3184. What is the tens digit of d?
9
Let g(t) be the second derivative of t**5/20 - 13*t**4/6 + 5*t**3/2 + t**2/2 + 4*t. What is the hundreds digit of g(26)?
3
Let m(y) be the third derivative of y**6/120 - y**5/20 + y**4/24 - 2*y**3/3 + 28*y**2. Let d be m(3). What is the units digit of (2/(8/156)*d)/(-1)?
9
Let w(j) = -j + 23. Let i be w(5). Let p be -1 - ((-30)/(-4))/(i/456). Let q = 339 + p. What is the hundreds digit of q?
1
Suppose -354 - 326 = -34*q. Suppose -d = -15*a + q*a - 982, -3*a - 5*d + 598 = 0. What is the units digit of a?
6
What is the tens digit of (-6 + 9 + 44/(-20))*26740?
9
Let b(w) = 16*w - 44. Let z be b(15). What is the hundreds digit of (63063/z)/(3/8)?
8
Let l = 72034 - 40995. What is the ten thousands digit of l?
3
Let w = 112 + -108. Suppose 0 = 2*i + w*n - 830, 3*i + 7*n - 4*n - 1260 = 0. What is the hundreds digit of i?
4
Let j(b) = b**3 - 10*b**2 + 12*b - 11. Let d be j(9). Let l = d - 14. Suppose -5*p + l*s = 162 - 724, 0 = 3*s + 3. What is the tens digit of p?
1
Let t(s) = 11*s**2 - 15*s + 48. Let q be t(17). Suppose -q = -312*r + 308*r. What is the units digit of r?
3
Let x be (-5 - (-5 + 4)) + 106. What is the units digit of (-17)/(x/12) - -1075?
3
Suppose 2046451 = 238*j - 6435631. What is the hundreds digit of j?
6
Let d be -9 - 85/(-10) - 130642/(-4). Suppose 8*n = -15*n + d. What is the units digit of n?
0
Let g = 89283 + -47030. What is the ten thousands digit of g?
4
Let t be (-3)/(-5) + (-1659)/35*4. Let l = 702 + t. What is the hundreds digit of l?
5
Let x = -6664 - -9069. What is the units digit of x?
5
Suppose -4*l = y - 24, -5*y + 3*l - 5*l + 138 = 0. Let j be (2 - y)*(-5)/(-10). What is the tens digit of (3 - (-37)/j) + 2882/26?
1
Let b(z) = 2*z**3 - 2*z**2 - 2*z - 3. Let p be b(3). Let c be (4/(-18) - (-17)/36)*0. Suppose 2*i + i - p = c. What is the units digit of i?
9
What is the hundreds digit of (-12)/(-20) - 515389/(-35) - -6?
7
Suppose -53*w + 62*w = 180. What is the units digit of (26 + w)*(-8)/(-1)?
8
What is the units digit of ((-13)/(-26))/(4/43096)?
7
Suppose 0 = -o - 3*u + 6860, -27*o + 2*u + 20536 = -24*o. What is the tens digit of o?
4
Suppose -3*w - s + 76507 = 0, 10*w + 25519 = 11*w - 3*s. What is the tens digit of w?
0
What is the hundreds digit of ((-719)/(-2) - 1)*84*4/36?
3
Let l be 0 + 0 + (-470)/(-20)*14. Let g = 1432 + l. What is the units digit of g?
1
Let o(i) = 10*i**3 - 4*i**2 + 19*i - 33. What is the hundreds digit of o(7)?
3
Let q = 80636 - 51804. What is the tens digit of q?
3
Suppose 5*z = 71*a - 70*a - 22393, -a = 5*z - 22363. What is the ten thousands digit of a?
2
Let g = -389 + 417. What is the units digit of 15*(g + 3 + (-28)/(-35))?
7
Suppose -3*z - 2*z = 30. Let a(m) = -4*m - 15. Let h be a(z). What is the tens digit of (h - 6)/((6/15)/2)?
1
Let f(k) = 34*k - 1. Suppose 9 = 3*p, 2*p + 1 = -3*m - 2. Let x be f(m). Let i = x + 146. What is the units digit of i?
3
Let w be (-111)/(-15) + 39/65. Let x(i) = i**3 - 3*i**2 - 3*i + 34. What is the tens digit of x(w)?
3
Let n = 40 - 40. Let r be -25 + 1/(-3 + n + 2). Let m = r + 158. What is the hundreds digit of m?
1
Suppose 26 = -5*y - 4. What is the units digit of (-1 - 745)*(3/y + 0)?
3
Suppose 0 = -3*i + 5*m + 1587, 23*m + 1058 = 2*i + 24*m. Let q = 1396 - i. What is the tens digit of q?
6
Let n(s) = -s - 4. Let h(x) = -x**3 + 6*x**2 - 4*x - 5. Let b be h(5). Let f be n(b). Let g(w) = 5*w**2 + w - 2. What is the units digit of g(f)?
4
Suppose -2 = 2*m - 0*j - 3*j, -3*j = -5*m + 13. Suppose m*r + 9 - 19 = 0. Suppose -1 = -r*c + 5, 0 = 5*t - c - 337. What is the units digit of t?
8
Let u = 112 + -82. Let g be (-1 - -3)/(1/16). What is the hundreds digit of g/(-3 + 95/u)?
1
Suppose -18*w = 3*w + 16569. What is the units digit of (27 + -29)*(2 + w/6)?
9
Let i(c) = -797*c - 515. What is the thousands digit of i(-17)?
3
Let v be ((-1)/4)/((-13)/(-52)). Let g be (v - -10)*-10*(-2)/10. Suppose 4*m + 81 = 5*h, -h + 2*m - 3 + g = 0. What is the units digit of h?
7
Let i(f) = f**3 - 5*f**2 + f - 3. Let o be i(5). Suppose 0 = -3*g - 5*s - 35, -o*g - 23 - 1 = 4*s. What is the units digit of (-10)/(-4) + 5/g?
2
Suppose 0 = -o + 64*f - 61*f + 12848, 0 = 4*o + 4*f - 51328. What is the ten thousands digit of o?
1
Let i(y) = -3881*y**3 + y**2 + 41*y + 40. What is the tens digit of i(-1)?
8
Let m be 13 + -10 - 9*4/6. What is the units digit of 1241 - -2 - (m - (-14)/(-7))?
8
Let i = -1887 + 2850. Suppose i = 2*m + a, -4*a = 12*m - 11*m - 471. What is the hundreds digit of m?
4
Suppose 90 = -14*a + 16*a. Suppose 20*b = 15*b + a. Suppose 1458 = -b*c + 18*c. What is the hundreds digit of c?
1
Let x = 13134 - -10390. What is the hundreds digit of x?
5
Let j = -20 + 14. Let y be j/(-27) + 1022/18. Suppose 0 = -4*o - y + 309. What is the units digit of o?
3
Let p(d) = -4*d - 1. Let h be p(-1). Suppose -907 = -3*r - h*o + 7*o, 0 = r - 5*o - 317. What is the tens digit of r?
9
Let z = -99 - -107. Let r = z - -68. What is the tens digit of r?
7
Let c(s) = -16*s - 4. Let d be c(0). What is the hundreds digit of (1 + 22 + d)*31?
5
Suppose 0 = 3*d - 5*q - 34242, -4*q = d - 12596 + 1216. What is the thousands digit of d?
1
Let f(u) = u**3 - 4*u**2 + u + 99. Let q be f(0). Let n = 1137 - q. What is the hundreds digit of n?
0
Suppose 0 = -21*y - 60 - 3. What is the tens digit of ((-674)/8)/((-47)/(-16) + y)?
4
Let n(b) = -b**3 - 7*b**2 + 6*b - 11. Let q be n(-8). Suppose 2*k + q*u = -0*u + 24, -126 = -5*k + 4*u. Suppose -2*g + 80 = k. What is the tens digit of g?
2
Let x = -35611 + 51701. What is the thousands digit of x?
6
Suppose -4*b = 5*b - 45. Let u be -17 + b*(-3)/(-15). Let s = u - -39. What is the units digit of s?
3
Let c = 23471 - 14967. What is the thousands digit of c?
8
Suppose 6*i + 5968 = 19401 + 4417. What is the tens digit of i?
7
Let i = -61 - -64. What is the units digit of i*(1644/18 + -6)?
6
Let s = -32 - -28. Let l be 1/s + (11/4)/11. What is the units digit of l + 68 + 2*3/(-6)?
7
Let u(l) = 11*l**3 - 6*l**2 + 14*l - 37. Let s be u(5). Let i = s - 692. What is the tens digit of i?
6
What is the units digit of (-174152)/132*(1 + -19)?
8
Let b(j) = 11*j**3 + 17*j**2 - 19*j + 327. What is the tens digit of b(12)?
5
Let y be ((-2649852)/(-63))/4 - 6/21. What is the hundreds digit of y/21 + 42/147?
5
Let g(c) = -c**2 - 51*c - 61. Let h(a) = 2*a**2 + 102*a + 123. Let i(f) = 7*g(f) + 3*h(f). What is the hundreds digit of i(-34)?
5
Let a(k) = k**3 + 7*k**2 + 4*k